 - 66 = -m. What is the tens digit of m?
6
Suppose 9*w = 5*w + 372. What is the tens digit of w?
9
Let w(s) = 2 - 2*s + s + 3*s. Let n be w(-2). What is the units digit of ((-3)/n - 1)*14?
7
Let r(v) = v**3 - 6*v**2 + 5*v + 4. What is the units digit of r(7)?
8
Let z(s) = 9*s + 6. What is the units digit of z(9)?
7
Suppose 4 = 2*c - 4. Suppose -3*l + 37 = 4*n + n, 31 = 3*n + c*l. Suppose 0 = -2*h + 3*f + 4, n*h - 33 = 4*f - 9. What is the units digit of h?
8
Let c = 10 + -2. Let i be c*2/(2 + 2). Suppose -2*z + 8 = 2*t, -4*t - t - i = 2*z. What is the units digit of z?
8
Suppose c + 3*c = -s + 12, -s = -2*c + 6. Suppose c*j - 2*f = f + 15, 5*j - 3*f = 25. What is the units digit of j?
5
Suppose -b + 5*l + 33 = 0, 0*l - 45 = -5*b - 5*l. Suppose 0 = 2*m - b - 61. What is the units digit of m?
7
Let w(j) be the third derivative of -j**6/120 - 11*j**5/60 - j**4/12 + j**3/2 + j**2. What is the tens digit of w(-11)?
2
Let f(c) = -c + 17. Let x be f(14). Let q(n) = 4*n - 6. What is the units digit of q(x)?
6
Let s(t) be the third derivative of -t**7/2520 - t**6/80 + t**5/20 + 3*t**2. Let l(g) be the third derivative of s(g). What is the units digit of l(-7)?
5
Suppose 4*u - r - 11 = -2*r, -2*u = r - 5. Suppose -64 = -u*z - z. What is the units digit of z?
6
Suppose -68 + 18 = 5*k. Let a(u) = -u**3 - 11*u**2 - 12*u + 4. What is the units digit of a(k)?
4
Let q(f) = -f**2 + 3*f + 3. Let b be q(3). Let v = 3 + b. What is the units digit of v?
6
Let o(v) = v + 26. Let a(m) = -5. Let k(d) = 11*a(d) + 2*o(d). What is the units digit of k(6)?
9
Let q = 151 + 66. What is the tens digit of q?
1
Suppose -2*b = -0*b + 8. What is the tens digit of (217/28)/((-1)/b)?
3
Let d = -2 + 4. Let i be 10*d*(-2)/(-5). What is the units digit of -4*1/i*-2?
1
Let n(b) = -3 - 2*b + 0 + 3 + 1. What is the units digit of n(-1)?
3
Suppose -53 = 2*y - 323. What is the hundreds digit of y?
1
Let q be (5 + -2)*16/(-12). What is the tens digit of (-25)/(-2) + 2/q?
1
Suppose 2*o + 2*s + 10 = 7*s, -3*o = -s + 2. Let q = -2 + o. Let l = 5 - q. What is the units digit of l?
7
Suppose s - 306 = -2*s. Suppose -s - 72 = -6*r. What is the tens digit of r?
2
Let a(u) = -13*u + 5. What is the tens digit of a(-6)?
8
Suppose 5*c = i - 3*i + 140, -i + 61 = -2*c. Suppose -4*t + i = -3. What is the units digit of t?
7
Let b(o) = o - 2. Let l be b(3). Let f be 1 + (2/1 - l). Suppose 13 = f*h + 1. What is the units digit of h?
6
Let s = -95 - -57. Let v = -25 - s. What is the tens digit of v?
1
Suppose -4*w + 10 + 15 = 5*r, -15 = -3*r. Suppose w = 4*i - 18 - 2. What is the units digit of i?
5
Let b be (-1)/4 - 354/(-8). Suppose 24 = 4*s - b. What is the units digit of s?
7
Suppose 7*r - 50 = 5*r. Let f be 4/10 - 10/r. Suppose f*o = 2*o - 34. What is the tens digit of o?
1
Let d(y) = 5*y**2 + 6*y - 1. Let w be d(-5). Suppose -2*b = -w - 28. Suppose -5*i + b + 4 = 0. What is the tens digit of i?
1
Suppose -96 = -3*j - 24. Suppose 0 = -w - f + 3 + 9, 5*f + j = w. What is the tens digit of w?
1
Let o(v) = -v + 6. Let q = 8 + -5. Suppose 23 = -q*a + 2. What is the units digit of o(a)?
3
Let t = 313 + -53. What is the units digit of t?
0
Let j = -6 + 2. What is the units digit of j/8*(0 - 2)?
1
Let m = 2 + 0. Let q be (14/6)/((-1)/(-3)). Suppose 35 = -m*f + q*f. What is the units digit of f?
7
Let s = -258 + 499. What is the tens digit of s?
4
Let k(v) = 2 + 6 + 1 - 4 + 5*v. What is the tens digit of k(5)?
3
Suppose 2*q - 4*c = 230, -5*q - 4*c + 400 = -q. What is the units digit of q?
5
Suppose 4*j - 8 + 0 = 0. What is the units digit of j?
2
Let a be 2/8 - (-2)/(-8). Suppose -4*h - 11 = -a*h + 3*z, 3*h = 2*z + 13. What is the units digit of h?
1
Let g be (4/6)/(1/93). Let q be 1/(208/68 + -3). Suppose g = 5*h + q. What is the units digit of h?
9
Let r(y) = -y**2 + 18*y - 15. Let v be r(17). Let o = 1 + -1. Suppose 0 = -2*f - 5*u + 23, -2*f - v*u + o*u + 20 = 0. What is the units digit of f?
9
Let i = -68 - -94. What is the tens digit of i?
2
Let i(t) = 5*t**3 - 7*t**2 + 6*t - 7. What is the units digit of i(4)?
5
Suppose -5*n + 195 = 4*o, -n + 2*o = -18 - 21. What is the tens digit of n?
3
Suppose 2 = 2*h, -z + 2*h - 15 = -1. What is the units digit of ((-12)/15)/(z/90)?
6
Let f(h) = -h**3 + 6*h**2 + 2. Let q be f(6). Let k = -3 - -6. What is the units digit of (q/6)/(1/k)?
1
Suppose -17 = 2*g - 43. What is the tens digit of g?
1
Let i(l) be the second derivative of -5*l**4/12 + l**2/2 + 2*l. Let b be i(3). Let t = -21 - b. What is the tens digit of t?
2
Let a = -2 + -22. Let h be (-38)/(-8) + (-6)/a. Suppose 0 = 3*y - 3*g - 9, 2*y = -y - h*g - 7. What is the units digit of y?
1
Suppose -z - 1 = -3. Suppose 0 = -5*i + z*q - 4*q + 24, -2 = -q. What is the units digit of i?
4
Let u = 4 + -4. Let v be (-14)/(0 + -1 - u). Suppose 0*g + b + 7 = g, 0 = 2*g - 4*b - v. What is the units digit of g?
7
Let d(k) = -k**3 + 7*k**2 - k + 8. Let u = -5 - -8. Suppose -4*f = -2*j + 12 + 2, -j + 7 = -u*f. What is the units digit of d(j)?
1
Suppose 0 = -2*v + 4*k + 38, 0 = -3*v + 3*k + 34 + 17. What is the units digit of -15*(0 - 12/v)?
2
Let p(h) = -h**2 - 3*h - 2. Let i be p(-2). Suppose i = 3*a - 13 - 5. What is the units digit of a?
6
Suppose 0 = -h - 1. Let x = -1 - h. Suppose -7 = -5*r + 4*n, 3*r - 5*r - 4*n + 14 = x. What is the units digit of r?
3
Let w(q) = q**2 + 6*q - 13. What is the units digit of w(5)?
2
Suppose 6 = 2*z, -z + 60 = 4*s - 11. What is the units digit of s?
7
Suppose 5*o + 4*n - 654 = 0, -2*n = 3*n + 20. What is the units digit of o?
4
Suppose -2*i + 548 = -0*i. What is the tens digit of i?
7
Suppose t - 5*t - f + 125 = 0, -3*t + 4*f = -108. What is the tens digit of (264/t)/(6/16)?
2
Suppose 5*l - 45 = 5*k, -4*k = -0*l + 4*l - 12. Suppose -l = -r - r. Suppose r*b + 2*a = 20 - 0, 0 = -a + 1. What is the units digit of b?
6
What is the hundreds digit of (2/((-16)/(-12)))/((-3)/(-362))?
1
Let w(k) = k**3 - 10*k**2 - 12*k + 13. Let l be w(11). Let z = l + 2. What is the units digit of z?
4
Let k = -42 + 74. What is the units digit of k?
2
Suppose -r - 8 + 30 = 0. What is the tens digit of r?
2
Suppose -j = -4*j + 69. Let x = j - 16. Suppose 30 = 2*z + x*m - 3*m, 5*z + m = 39. What is the units digit of z?
7
Let v(z) be the first derivative of 4*z - 2 + 1/2*z**2. What is the units digit of v(-3)?
1
Let b = -56 - -103. What is the tens digit of b?
4
Let y = 113 + -6. What is the hundreds digit of y?
1
Let w(l) = 20*l - 3. Let h be w(2). What is the tens digit of 0/(4/(-2)) + h?
3
Let a be ((-8)/(-10))/(8/20). Let z = 3 - a. Suppose 2*l - z = l. What is the units digit of l?
1
Let z = 2 - 1. Suppose -2*h = -4*g, -2*g - 8*h + 3*h + 24 = 0. Let p = g + z. What is the units digit of p?
3
Let q = -8 - -38. Let b(j) = j**2 + 5*j - 8. Let p be b(-7). Suppose p*h = 9*h - q. What is the tens digit of h?
1
Let d(f) = 3*f. Let y be d(-2). Let o be y/9 - 8/(-3). Suppose -o*j + 9 = -j. What is the units digit of j?
9
What is the tens digit of (-5 - (-3 - 1)) + 53?
5
Let m(o) = -55*o + 1. What is the tens digit of m(-1)?
5
What is the units digit of -3*118*(-1)/2?
7
What is the tens digit of (-250)/(-8)*9/((-36)/(-16))?
2
Let v(p) be the first derivative of -5*p**4/4 - 2*p**3/3 - p**2 - p - 2. What is the units digit of v(-1)?
4
Suppose -2*a + 2 = -4*a. Let z = a - -2. What is the units digit of z/(4/2 - 1)?
1
Let b(n) = -n**2 + 15*n - 6. Let c be b(15). Let g(i) = -i**2 - 8*i + 2. What is the tens digit of g(c)?
1
Suppose 0 = -2*d - 4*d + 150. What is the units digit of d?
5
Suppose 0*f - 3*f - 4*r = 29, -2*r = -3*f + 1. Let j(a) = -a - 5. Let w be j(-3). What is the units digit of (-5 - w)/f*9?
9
Let n be (-8)/(-36) - (-47)/(-9). Let q = n - -9. What is the units digit of q?
4
Suppose -5*a - 14 = -64. Let z be a/(-3)*(3 + 0). Let j = z - -21. What is the units digit of j?
1
Suppose -11 = -4*v + 17. Suppose -v = -g + 3. What is the units digit of g?
0
Suppose -10 = -3*r + 5*g, -2*r = -g - 8 - 1. What is the units digit of r?
5
Let v(f) = -f**3 - 4*f**2 + f. Let c be v(-5). Suppose c = 4*x + x. What is the units digit of x?
4
Suppose 3*v = 7*v - 216. Suppose 5*w - q - 3*q - 150 = 0, 4*q - v = -w. What is the units digit of w?
4
Suppose y + z - 5 = -4*z, -z + 1 = y. Suppose y = 3*u - 11 + 2. What is the units d